-33
Let z(d) = -10*d**2 + 61*d - 7. Determine z(6).
-1
Let b(a) = -3*a**3 + a**2 - a - 1. Determine b(1).
-4
Let s(x) = x**3 + 4*x**2 + 5*x + 3. Give s(-3).
-3
Let f(q) = -q**2 - 5*q + 21. Determine f(-14).
-105
Let f(i) = 7*i**3 + i**2 - i - 2. What is f(-2)?
-52
Let w(f) = f**2 + 7*f - 17. Calculate w(-6).
-23
Let f(p) = p**3 - 6*p**2 + 22*p - 98. What is f(5)?
-13
Let g(p) = p**2 + 12*p - 5. Calculate g(-12).
-5
Let j(d) = d**2 + 12*d + 47. Calculate j(-8).
15
Let p(u) = u**2 - 10*u + 18. What is p(3)?
-3
Let y(r) = 5*r**2 + 44*r + 48. Determine y(-8).
16
Let q(b) = -5*b - 10. Determine q(-3).
5
Let a(z) = -3*z**3 + 14*z**2 + 5*z - 2. What is a(5)?
-2
Let j(u) = 93*u + 11. What is j(-2)?
-175
Let h(s) = 15*s + 1. Give h(7).
106
Let i(n) = -10*n - 4. Determine i(3).
-34
Let g(r) = -r**3 - 7*r**2 + 10*r + 15. Calculate g(-8).
-1
Let z(n) = -n**3 - 7*n**2 + 21*n + 21. Determine z(-9).
-6
Let h(t) = -9*t**2 + 52*t + 11. Calculate h(6).
-1
Let s(h) = 4*h + 20. Determine s(-8).
-12
Let w(z) = z**3 - 3*z**2 - 12*z - 5. Give w(5).
-15
Let p(t) = t**3 + 6*t**2 + 7*t - 1. Determine p(-6).
-43
Let k(x) = 4*x + 15. Determine k(-12).
-33
Let n(d) = d**3 + 37*d**2 + 5. Determine n(-37).
5
Let s(o) = 10*o**3 - o**2 + 2*o. What is s(-2)?
-88
Let r(x) = 2*x**2 + 16*x - 17. Calculate r(4).
79
Let w(x) = 20*x**2 + 240*x + 7. What is w(-12)?
7
Let v(u) = -18*u - 202. Calculate v(-13).
32
Let d(k) = -8*k - 6. Determine d(4).
-38
Let w(q) = q + 2. Calculate w(-1).
1
Let q(p) = -p + 11. Calculate q(5).
6
Let h(s) = s - 64. What is h(32)?
-32
Let i(f) = -9*f**2 + 8*f - 5. Give i(2).
-25
Let u(w) = 75*w - 1. Give u(-1).
-76
Let w(n) = -2*n**2 - 22*n - 42. What is w(-9)?
-6
Let k(h) = 7*h + 10. Calculate k(0).
10
Let g(m) = -4*m + 3. Calculate g(1).
-1
Let v(g) = g**3 + 12*g**2 + 12*g + 13. Calculate v(-10).
93
Let v(x) = -5*x - 2. Determine v(-4).
18
Let x(v) = -v**2 - 16*v - 26. What is x(-15)?
-11
Let y(s) = s**3 - 7*s**2 + 2*s + 32. Calculate y(5).
-8
Let u(o) = 3*o + 44. What is u(-7)?
23
Let f(v) = -v - 14. Give f(-17).
3
Let b(v) = -v**2 - 10*v + 11. What is b(-8)?
27
Let n(f) = f**3 - 10*f**2 + 8*f + 16. What is n(9)?
7
Let r(u) = u**3 - 5*u**2 - 9*u + 8. Give r(5).
-37
Let n(o) = -o**3 - 26*o**2 + 54*o - 55. Calculate n(-28).
1
Let g(r) = -6*r + 4. What is g(-4)?
28
Let p(x) = x**3 + 6*x**2 + 6*x + 4. Calculate p(-5).
-1
Let r(q) = -q**2 + 11*q - 19. Give r(6).
11
Let b(k) = -3*k**2 - 3*k - 2. Determine b(-2).
-8
Let r(q) = -q**3 + 37*q + 4. Give r(-6).
-2
Let b(x) = x**2 - 5*x - 2. Give b(5).
-2
Let k(p) = p**2 + 10*p - 13. Give k(-10).
-13
Let r(t) = t - 1. Calculate r(-1).
-2
Let s(r) = r**3 - 3*r**2 + 2*r + 1. Calculate s(1).
1
Let u(h) = -h**2 + 12*h + 36. Determine u(14).
8
Let l(o) = 7*o - 38. What is l(6)?
4
Let z(t) = -t**2 + 21*t + 81. Determine z(24).
9
Let s(q) = -6*q - 7. What is s(2)?
-19
Let x(t) = -6*t + 56. Determine x(20).
-64
Let i(g) = -3*g**2 + 3*g - 4. Determine i(2).
-10
Let b(q) = -3*q**3 + 31*q**2 - 10*q - 5. Calculate b(10).
-5
Let v(p) = -p**3 - p**2 - p - 11. What is v(0)?
-11
Let g(i) = -i + 13. Give g(8).
5
Let q(i) = i**3 + 15*i**2 + 13*i - 4. Give q(-14).
10
Let d(p) = 8*p - 34. Calculate d(5).
6
Let g(y) = 2*y**2 + 3*y + 1. What is g(-2)?
3
Let d(s) = -s**2 + 18*s - 13. Determine d(17).
4
Let z(o) = 59*o**2 - 2*o - 3. What is z(-1)?
58
Let y(q) = 32*q + 2. Give y(2).
66
Let k(z) = z**2 + 8*z + 2. Determine k(5).
67
Let u(a) = a + 6. Determine u(-11).
-5
Let k(v) = -4*v + 54. Calculate k(15).
-6
Let y(g) = -g**3 - 4*g**2 + 21*g - 6. Determine y(-7).
-6
Let n(o) = o**3 + 6*o**2 - 9*o - 7. What is n(-7)?
7
Let g(z) = -11*z**2 + 6*z - 3. Give g(1).
-8
Let y(c) = -c**3 - c + 20. Give y(0).
20
Let y(u) = u + 13. Calculate y(-8).
5
Let b(s) = -s**2 + 30*s + 30. What is b(29)?
59
Let k(j) = -2*j**3 - 6*j**2 - 4*j + 13. Determine k(-4).
61
Let p(t) = -2*t - 15. Determine p(-10).
5
Let b(x) = x - 28. Determine b(-12).
-40
Let o(g) = -2*g**3 - 3*g**2 + 1. Give o(-2).
5
Let r(m) = 7*m + 19. Give r(-6).
-23
Let a(f) = 2*f**3 - 57*f**2 - 155*f + 2. Give a(31).
2
Let i(a) = a**3 - 6*a**2 - 17*a + 6. Determine i(8).
-2
Let n(i) = 3*i**3 + 13*i**2 - 8*i + 3. Give n(-5).
-7
Let a(i) = i**3 - 5*i - 4. Determine a(-3).
-16
Let f(l) = -21*l - 159. Give f(-7).
-12
Let g(p) = -p**3 - 8*p**2 + 8*p - 2. Calculate g(-9).
7
Let u(x) = -3*x**3 - 2*x**2 + 3*x - 4. Give u(2).
-30
Let o(t) = 39*t**3 - 1. Determine o(-1).
-40
Let t(d) = d**2 + d + 4. What is t(-4)?
16
Let n(v) = v**3 + 6*v**2 - v - 27. Calculate n(-5).
3
Let h(a) = -a**3 - 20*a**2 - a - 12. Give h(-20).
8
Let c(y) = -y + 3. What is c(0)?
3
Let z(c) = -c**2 - 13*c + 9. Determine z(-13).
9
Let h(n) = n**2 - 31*n + 94. What is h(28)?
10
Let p(o) = o - 14. Give p(9).
-5
Let w(l) = -28*l - 88. Calculate w(-3).
-4
Let k(c) = c**2 + 9*c - 22. Give k(-10).
-12
Let x(d) = -2*d**3 + 5*d**2 - 3*d - 4. Give x(2).
-6
Let n(a) = -a**3 + 4*a**2 + 6*a - 8. Determine n(6).
-44
Let n(y) = -4*y - 36. Give n(-6).
-12
Let m(j) = -9*j**3 - 2*j - 2. What is m(-2)?
74
Let u(k) = k**3 + 27*k**2 - 28*k + 6. What is u(-28)?
6
Let u(v) = -v**2 + 21*v - 39. What is u(19)?
-1
Let u(q) = 2*q - 45. Calculate u(4).
-37
Let y(k) = 2*k + 11. Give y(-9).
-7
Let q(z) = z - 6. Determine q(-11).
-17
Let g(v) = -v**3 + 22*v**2 + 74*v + 18. What is g(25)?
-7
Let w(o) = -o**3 + 24*o**2 + 53*o - 19. Calculate w(26).
7
Let i(o) = -4*o**2 - 2*o + 1. Give i(2).
-19
Let i(n) = -2*n**2 - 9*n - 23. Determine i(-8).
-79
Let l(w) = w**3 + 5*w**2 + w - 5. Determine l(-5).
-10
Let t(w) = -w**2 + 4*w - 7. Give t(8).
-39
Let l(s) = -s**3 + 6*s**2 + 5*s + 14. Give l(7).
0
Let v(q) = q**3 - 16*q**2 - 18*q - 2. Give v(17).
-19
Let g(y) = y**2 + 3*y + 7. What is g(-6)?
25
Let f(p) = -p**2 + 2*p + 1. Calculate f(0).
1
Let k(a) = a**3 + 11*a**2 + 12*a + 22. What is k(-10)?
2
Let n(j) = j**3 - 28*j**2 - 33*j + 92. Calculate n(29).
-24
Let s(t) = 5*t + 30. Determine s(-7).
-5
Let t(o) = -o**3 + 3*o**2 - 2*o + 4. Give t(4).
-20
Let d(s) = -s**2 + 4*s - 13. Calculate d(2).
-9
Let w(f) = -f**3 + 11*f**2 - f - 1. What is w(11)?
-12
Let m(w) = -7*w - 84. Determine m(-14).
14
Let l(m) = m**2 + 16*m - 30. Give l(-16).
-30
Let u(h) = -h**3 + 19*h**2 + 20*h + 11. Give u(20).
11
Let u(v) = 2*v**3 + 17*v**2 - 11*v - 21. Determine u(-9).
-3
Let c(r) = r**2 - 9*r + 4. Calculate c(9).
4
Let u(q) = 2*q - 24. Determine u(4).
-16
Let x(l) = -19*l + 4. Calculate x(-1).
23
Let b(s) = s**3 + 24*s**2 - 52*s - 3. What is b(-26)?
-3
Let s(a) = 11*a**3 - 2*a**2 + 1. Calculate s(1).
10
Let z(f) = -14*f - 2. Give z(2).
-30
Let w(p) = -6*p + 6. What is w(5)?
-24
Let i(l) = -3*l + 5. Calculate i(6).
-13
Let w(p) = 2*p + 28. What is w(-18)?
-8
Let z(f) = f**3 - 5*f**2 + 8*f - 6. Determine z(5).
34
Let n(g) = -2*g**2 - 3. What is n(-2)?
-11
Let j(s) = -7*s - 13. Give j(9).
-76
Let l(d) = -d**3 + 4*d**2 + 6*d - 25. What is l(4)?
-1
Let n(f) = f - 6. Calculate n(7).
1
Let u(f) = -f**3 - 8*f**2 + 8*f + 4. Calculate u(-9).
13
Let r(u) = 2*u - 1. Determine r(8).
15
Let x(t) = -t**3 - 3*t**2 + 12*t + 1. Calculate x(-5).
-9
Let x(k) = 4*k + 7. Calculate x(-5).
-13
Let j(g) = -g**3 + 19*g**2 - 17*g - 19. Give j(18).
-1
Let v(r) = r**3 - 16*r**2 - r + 1. Give v(0).
1
Let b(t) = -t**2 - 16*t - 11. Give b(-10).
49
Let p(v) = v**3 + 4*v**2. Calculate p(-5).
-25
Let g(p) = -p**2 - 16*p - 10. Calculate g(-15).
5
Let c(w) = -w**2 + 8*w - 1. Calculate c(6).
11
Let t(m) = -m**3 + 8*m**2 + 24*m - 34. Calculate t(10).
6
Let z(h) = 2*h**3 - 12*h**2 - 6. Determine z(6).
-6
Let q(f) = f**3 - 10*f**2 + 2*f + 2. Calculate q(8).
-110
Let g(v) = v**3 + v**2 - 9*v - 8. Calculate g(3).
1
Let u(d) = d**3 - 5*d**2 - 17*d + 74. What is u(4)?
-10
Let r(g) = g**3 + 17*g**2 - 49*g - 549. What is r(-18)?
9
Let b(u) = -13*u. Calculate b(5).
-65
Let g(q) = q - 5. What is g(-3)?
-8
Let p(x) = x**2 + 12*x - 156. Give p(7).
-23
Let a(k) = 2*k - 4. Give a(8).
12
Let d(q) = -q**2 - 8*q - 1. What is d(-8)?
-1
Let n(k) = 7*k. Determine n(-4).
-28
Let a(f) = -138*f + 552. Determine a(4).
0
Let c(s) = 5*s - 10. Calculate c(0).
-10
Let t(r) = -2*r**3 + 13*r**2 + 13*r - 47. Calculate t(7).
-5
Let b(r) = -r**3 - 3*r**2 + 5*r - 12. What is b(-5)?
13
Let p(w) = -w + 5. What is p(-3)?
8
Let m(z) = -z**3 - 9*z**2 - 11*z + 11. D